ctors of 716113620?
2, 3, 5, 47, 1801
What are the prime factors of 63942501?
3, 7, 251, 1733
List the prime factors of 33868047.
3, 43, 262543
List the prime factors of 79826021.
11, 7256911
What are the prime factors of 38511989?
109, 353321
List the prime factors of 189235234.
2, 94617617
What are the prime factors of 24076968?
2, 3, 811, 1237
What are the prime factors of 469236740?
2, 5, 7, 478813
What are the prime factors of 3873012980?
2, 5, 193650649
List the prime factors of 36818985.
3, 5, 7, 350657
What are the prime factors of 279551063?
11, 229, 110977
What are the prime factors of 269311016?
2, 13, 19, 73, 1867
What are the prime factors of 14142331?
7, 397, 727
What are the prime factors of 115746616?
2, 14468327
List the prime factors of 123328201.
5843, 21107
List the prime factors of 181584785.
5, 113, 557, 577
List the prime factors of 1476936446.
2, 137, 5390279
What are the prime factors of 433137888?
2, 3, 501317
What are the prime factors of 74644466?
2, 13, 31, 37, 2503
List the prime factors of 307301468.
2, 79, 972473
What are the prime factors of 425935044?
2, 3, 3943843
What are the prime factors of 1280631871?
25919, 49409
What are the prime factors of 313675674?
2, 3, 13, 19, 211657
What are the prime factors of 1006107208?
2, 29, 127, 34147
List the prime factors of 1640069344.
2, 113, 453559
What are the prime factors of 649296397?
67, 1249, 7759
What are the prime factors of 16942378?
2, 271, 31259
List the prime factors of 274433080.
2, 5, 31, 221317
What are the prime factors of 143289034?
2, 7, 23, 151, 421
What are the prime factors of 75295290?
2, 3, 5, 7, 19, 113, 167
What are the prime factors of 5533065211?
37, 1733, 86291
What are the prime factors of 47851164?
2, 3, 821, 1619
List the prime factors of 562911952.
2, 97, 383, 947
List the prime factors of 999433522.
2, 163, 3065747
What are the prime factors of 353808680?
2, 5, 41, 215737
List the prime factors of 357427904.
2, 1307, 4273
List the prime factors of 417950428.
2, 7, 14926801
List the prime factors of 432990719.
7, 61855817
List the prime factors of 36125870.
2, 5, 11, 23, 109, 131
List the prime factors of 117601363.
11, 631, 16943
What are the prime factors of 1359465280?
2, 5, 523, 8123
What are the prime factors of 116075777?
29, 53, 75521
List the prime factors of 138075916.
2, 11, 149, 21061
List the prime factors of 235899443.
13, 2203, 8237
List the prime factors of 1267836702.
2, 3, 11, 19209647
What are the prime factors of 1720394109?
3, 7, 191, 142973
What are the prime factors of 1113018343?
199, 1201, 4657
List the prime factors of 29713770.
2, 3, 5, 110051
List the prime factors of 78421459.
17, 4613027
What are the prime factors of 492813731?
17, 28989043
What are the prime factors of 9708393?
3, 37, 149, 587
What are the prime factors of 317126144?
2, 41, 15107
What are the prime factors of 67361292?
2, 3, 1871147
What are the prime factors of 71686765?
5, 199, 72047
List the prime factors of 1126587.
3, 7, 11, 4877
What are the prime factors of 389974071?
3, 4967, 26171
What are the prime factors of 445010709?
3, 11, 13, 191, 5431
List the prime factors of 784881264.
2, 3, 1423, 11491
List the prime factors of 6481217290.
2, 5, 648121729
What are the prime factors of 248358580?
2, 5, 12417929
What are the prime factors of 79418926?
2, 101, 109, 3607
What are the prime factors of 933108858?
2, 3, 11, 43, 109597
List the prime factors of 307873907.
11, 27988537
List the prime factors of 38584390.
2, 5, 13, 17, 79
List the prime factors of 80445780.
2, 3, 5, 446921
List the prime factors of 334169247.
3, 5501, 20249
What are the prime factors of 182525434?
2, 7, 13, 1002887
List the prime factors of 155271434.
2, 77635717
List the prime factors of 32692066.
2, 11, 1486003
List the prime factors of 919483613.
919483613
List the prime factors of 17256036.
2, 3, 7, 29347
What are the prime factors of 1516414613?
7, 5273, 5869
List the prime factors of 54680681.
11, 373, 13327
What are the prime factors of 86287904?
2, 23, 117239
List the prime factors of 52347391.
101, 518291
What are the prime factors of 3626209445?
5, 29, 1409, 17749
What are the prime factors of 997314502?
2, 37, 13477223
What are the prime factors of 128543657?
11, 11685787
What are the prime factors of 1118631415?
5, 11, 3449, 5897
List the prime factors of 69021713.
1783, 38711
What are the prime factors of 660797043?
3, 220265681
List the prime factors of 15892733.
15892733
List the prime factors of 586536271.
23, 463, 55079
List the prime factors of 270334153.
17, 271, 58679
List the prime factors of 12307771.
7, 251179
List the prime factors of 210218747.
10427, 20161
List the prime factors of 27998222.
2, 7, 23, 86951
List the prime factors of 68245413.
3, 71, 320401
List the prime factors of 2338439256.
2, 3, 23, 139, 10159
List the prime factors of 42987873.
3, 71, 201821
List the prime factors of 68297659.
233, 293123
List the prime factors of 370308204.
2, 3, 7, 1469477
What are the prime factors of 340621677?
3, 11, 773, 4451
List the prime factors of 36085159.
11, 3280469
List the prime factors of 488351303.
11, 44395573
List the prime factors of 18990738.
2, 3, 13, 81157
What are the prime factors of 57858333?
3, 13, 139, 821
What are the prime factors of 3301339638?
2, 3, 23, 23922751
List the prime factors of 453362266.
2, 7, 73, 443603
What are the prime factors of 109742137?
277, 396181
What are the prime factors of 3329763?
3, 1109921
What are the prime factors of 6415918?
2, 1621, 1979
List the prime factors of 28983857.
7, 137, 30223
List the prime factors of 35556859.
13, 2735143
List the prime factors of 118996018.
2, 59498009
List the prime factors of 40977985.
5, 449, 18253
List the prime factors of 1034005650.
2, 3, 5, 19, 41, 8849
What are the prime factors of 19794183?
3, 359, 18379
List the prime factors of 3244094563.
3244094563
List the prime factors of 143875552.
2, 4496111
List the prime factors of 23559320.
2, 5, 739, 797
What are the prime factors of 39762844?
2, 11, 903701
What are the prime factors of 188748798?
2, 3, 7, 4494019
What are the prime factors of 633260954?
2, 971, 326087
List the prime factors of 16863781.
11, 113, 13567
What are the prime factors of 518140222?
2, 19, 61, 223529
List the prime factors of 1383619714.
2, 31, 3847, 5801
List the prime factors of 62390312.
2, 61, 127849
List the prime factors of 133698865.
5, 26739773
What are the prime factors of 193860528?
2, 3, 4038761
List the prime factors of 128759748.
2, 3, 13, 173, 367
List the prime factors of 93183917.
93183917
What are the prime factors of 118507450?
2, 5, 2370149
List the prime factors of 30895603.
30895603
List the prime factors of 279954564.
2, 3, 23329547
List the prime factors of 282199351.
7, 23, 41, 42751
List the prime factors of 61458733.
7, 8779819
What are the prime factors of 126088578?
2, 3, 7, 11, 29, 3137
List the prime factors of 62633326.
2, 7, 4473809
What are the prime factors of 57407124?
2, 3, 29, 164963
What are the prime factors of 702251701?
702251701
What are the prime factors of 2294794125?
3, 5, 13, 193, 271
What are the prime factors of 4264523715?
3, 5, 10133, 28057
What are the prime factors of 2884747?
17, 169691
What are the prime factors of 806059071?
3, 47, 1905577
List the prime factors of 1788556404.
2, 3, 149046367
What are the prime factors of 1254871958?
2, 627435979
List the prime factors of 519702469.
11, 13, 101, 35983
List the prime factors of 18446435.
5, 7, 19, 27739
List the prime factors of 352788382.
2, 727, 242633
What are the prime factors of 487203226?
2, 243601613
List the prime factors of 16851240.
2, 3, 5, 7, 743
List the prime factors of 163066926.
2, 3, 11, 601, 4111
List the prime factors of 21312689.
3191, 6679
What are the prime factors of 242451913?
11, 19, 1160057
What are the prime factors of 1133718586?
2, 7, 11, 13, 127
What are the prime factors of 2688037680?
2, 3, 5, 11200157
What are the prime factors of 598146914?
2, 299073457
What are the prime factors of 137150515?
5, 59, 464917
List the prime factors of 86594547.
3, 13, 2220373
What are the prime factors of 2640816566?
2, 1320408283
What are the prime factors of 49988085?
3, 5, 7, 23, 2957
List the prime fact